se o = -0 + 2. Suppose f + 0*a + a = -5, 1 = f - o*a. Calculate u(f).
4
Let n be 8/(-3)*(-12)/8. Let z(c) = -3 + 0 + c + c. Determine z(n).
5
Suppose l + 11 = -4*q, 2 = -2*q - 2*l - 2*l. Let p(z) = -z**2 - 5*z - 4. What is p(q)?
2
Let s(l) = -l**3 + l. Suppose 0 = 5*y - 4*f - 30, -4*f - f - 17 = 4*y. Suppose 5 - y = -3*q. Calculate s(q).
0
Let n(v) = v**3 + 9*v**2 + 8*v + 2. Suppose 4*q - q + 15 = -3*p, -4*p + 5*q - 47 = 0. Determine n(p).
2
Suppose 3*q = -0*q + x + 76, -46 = -2*q - 4*x. Let o = 29 - q. Let m(c) = 4*c - 4. Give m(o).
12
Let l(q) = q**2 + 4*q + 2. Let s = -9 - -4. What is l(s)?
7
Let b(o) = 11*o**2. Suppose -4 + 3 = -t. Suppose 3 = 4*l - t. What is b(l)?
11
Suppose -4*r + 3 = -r, 0 = -2*k + 5*r - 1. Suppose -17 = -w - 0*n + 4*n, 0 = -4*w - n. Let p(t) = -w - t**2 + 2*t**2 + 1 + 2*t - 2. Determine p(k).
6
Let s(f) = 2*f**2 + 1. Let d be ((-12)/72)/((-1)/6). Give s(d).
3
Let q(b) = b**2 - b - 1. Let y(v) = 10*v**3 - 4*v**2 + 4*v + 5. Let l(d) = 4*q(d) + y(d). Give l(1).
11
Let n(k) = -k + 2. Let y be n(4). Suppose 0 = -v + 5, -4*r = r - 3*v + 5. Let f(c) = 2*c + c**2 - r*c**2 + 0*c**3 - c**3. What is f(y)?
0
Let q(i) be the first derivative of 1/3*i**3 - 3/2*i**2 + 1/4*i**4 + 9 + 3*i. Determine q(2).
9
Suppose -5*o + 1 = -29. Let l(d) = d - 13. What is l(o)?
-7
Let h = 607 + -603. Let l(a) be the second derivative of a**5/20 - a**4/3 - 3*a**2/2 + a. Give l(h).
-3
Let b(d) = -d**2 + 9*d - 2. Let l be b(9). Let v be -3 - (l + -4 + 3). Let r(w) = -w - 5. Determine r(v).
-5
Let y(h) = h**2 + 5*h + 4. Let t be y(-4). Suppose -6 = -t*s - 3*s. Let w(z) = -z**2 + 2*z. Determine w(s).
0
Let r(x) = -3*x**2 - x - 5. Suppose -4*k + 2*k = 8. Let b(n) = -5*n**2 - n - 10. Let j(c) = k*b(c) + 7*r(c). Determine j(-5).
-5
Let s(o) = -o + 5. Let y(z) = -5*z**3 - 6*z**2 - z - 2. Let x(a) = -11*a**3 - 12*a**2 - 2*a - 4. Let d(h) = -4*x(h) + 9*y(h). Let f be d(-6). Give s(f).
1
Let q(i) be the first derivative of -i**4 - 4*i**3/3 - 3*i**2/2 + 23. Calculate q(-2).
22
Let s(z) be the first derivative of z**3/3 - 2*z**2 - 7*z - 32. Calculate s(5).
-2
Let k(r) = -4*r**2 + 0*r**2 + 4 + r + r**3 - 6*r + 4*r. Determine k(4).
0
Let s(d) = -d**3 + 5*d**2 - 4*d + 3. Let a be s(3). Let t be (2/3)/((-6)/a). Let x(l) = -1 + l**3 + 3*l - 5*l + 0*l**3. Determine x(t).
0
Let q(w) = w + 2*w + 3 - 4*w. Give q(-6).
9
Let g(f) = 3*f - 6. Let i be 4/6*(8 - 2). What is g(i)?
6
Let a(f) = -f**2. Let o(m) be the first derivative of 3*m**2/2 - 6*m + 2. Let w be o(6). Suppose -v = -3*s + 1, -4*v + 0*v + w = -4*s. Determine a(s).
-4
Let s(o) be the first derivative of -o**2/2 + 4*o - 2. What is s(4)?
0
Suppose 0 = -9*q + 10*q. Let w(c) be the third derivative of -c**6/120 - c**5/60 - c**4/24 - 2*c**3/3 - c**2. Give w(q).
-4
Let u(d) = -d + 14. Suppose 4*c - 5*z - 20 = 0, c - 2*z - 8 = 4*c. Give u(c).
14
Let r(y) = -3 - 2*y**2 - 7*y + y**2 + 2*y. Let u(f) = -3*f**3 + 4*f**2 + f + 2. Let l be u(2). Calculate r(l).
1
Let s(o) be the third derivative of o**6/120 - o**5/15 - 7*o**4/24 + 2*o**3/3 + 8*o**2. Give s(5).
-6
Let z(r) = r**3 + 4*r**2 - r - 1. Let m be z(-4). Suppose -2*n + 7*n = 15. Let c(h) = 2 - 7*h + n*h + m*h. Give c(5).
-3
Let g(c) = -c**3 - 5*c**2 + 4*c - 8. Let x be ((-4)/(-8))/((-2)/24). Determine g(x).
4
Let b(n) be the second derivative of -n**8/3360 + n**7/840 - n**6/360 - n**5/60 - n**4/12 + 3*n. Let s(w) be the third derivative of b(w). Give s(2).
-10
Let p(m) be the second derivative of m**5/120 - m**4/12 - m**3/6 - 5*m. Let i(k) be the second derivative of p(k). Calculate i(0).
-2
Suppose -5*u - 3*q = -40, -5*u = -2*q - 2*q - 5. Suppose -2*v = -h - 7, v + u = 2*h + 4. Suppose 3*w = 4*w - v. Let m(s) = -s**2 + 5*s - 2. Determine m(w).
-2
Let w(g) be the first derivative of g**2/2 + g - 19. Let n = 8 + -3. Suppose r + 1 = 0, 0 = 2*p - 7*p - n*r. Calculate w(p).
2
Let s = 3 + 8. Let q be (-3)/6*2*-2. Let r(z) = -s - q*z + z + 0*z. Give r(-5).
-6
Let u(z) = 3*z**2 + z + 2. Let t(b) = 2*b**2 + 1. Let w(l) = 7*t(l) - 4*u(l). Let p = -8 + 11. What is w(p)?
5
Let i = 5 + 83. Let h be (-1)/(-3) - i/(-24). Let u(w) = w**2 - 5*w + 4. Determine u(h).
0
Let n(m) = m**2 - 2*m - 5. Let t be n(4). Suppose t*c - 4 = 5. Let j(f) = 0*f**2 + f**3 - f**2 + 6*f**c. Give j(1).
6
Let a(c) = 2*c**2 - c + 13. Let f(q) = -q**2 + q - 6. Suppose v - 17 + 4 = 0. Let z(y) = v*f(y) + 6*a(y). Determine z(5).
10
Let u = -3 + 3. Let l = 3 - u. Let b(o) = -2*o**2 + 3*o + 4. Calculate b(l).
-5
Let m(j) = -j**2 - 5*j - 4. Suppose -3*t + t + 58 = 0. Suppose -t = 5*k + n, -3*k - 2*k = 3*n + 27. Calculate m(k).
-10
Let v(h) = -h**2 - 5*h - 13. Let w(j) = 4*j**2 + 14*j + 40. Let t(i) = 7*v(i) + 2*w(i). What is t(8)?
-3
Suppose 0*a + 2*a = 3*t + 30, 0 = 2*t - 3*a + 25. Let p = -8 - t. Let h(i) = -i + 4. Determine h(p).
4
Let z(l) = 25*l + 1. Suppose 4 = 3*y - 7*y. Give z(y).
-24
Let w(f) = 5*f**2 + 1. Suppose -4*j + 1 = -3*v, 3*v + 2*v = 5. Determine w(j).
6
Let j(k) = -k**3 + k. Let g(d) = d**2 + 3*d + 1. Let i be g(-4). Let u be 7/(-8) - i/40. What is j(u)?
0
Let c(i) = 2*i**2 + 3*i + 4. Let s(r) = -r**2 - r. Let v(q) = c(q) + 3*s(q). Let y be (18/(-8))/(-3) - 30/8. Calculate v(y).
-5
Let m(n) = -14*n**2 + 8*n**2 + 0*n**2 + n**3 - 5. What is m(6)?
-5
Let m(d) be the first derivative of -5/3*d**3 + 2*d - d**2 + 1 - 1/4*d**4. Let b(p) = 5*p**3 + p**2 + p + 1. Let o be b(-1). What is m(o)?
-6
Let g(w) = -2*w - 13. Let j(v) = v. Let s(z) = -g(z) + 2*j(z). Let n = 7 - 4. Let p(r) = 3*r + 12. Let t(q) = n*p(q) - 2*s(q). Give t(-5).
5
Let o(q) = 12*q**3 + 10*q**2 - 10. Let w(m) be the first derivative of 2*m**4 + 7*m**3/3 - 7*m - 1. Let d(s) = -5*o(s) + 7*w(s). Determine d(-1).
4
Let w(z) be the first derivative of 1 + z**3 - 1/4*z**4 + 4*z + 2*z**2. Suppose 15 = 5*c - 5. Calculate w(c).
4
Let d(h) = -2*h - 7. Let x = -23 - -18. Calculate d(x).
3
Let k(u) = 2*u**2 - 6*u. Let b = 44 + -40. Give k(b).
8
Let v = 9 + -7. Suppose -v*u + 10 = -0*u. Let n(l) = -l**3 + 4*l**2 + 4*l + 3. Determine n(u).
-2
Let d(r) = 3*r. Let k be d(1). Let f(y) = 2*y - 6. Let x(t) = -t + 3. Let h(n) = -6*f(n) - 11*x(n). What is h(k)?
0
Let s(n) be the first derivative of 1/2*n**2 + 1 - 2*n. Let k be s(7). Let p(u) = -u**2 + 3*u + 7. What is p(k)?
-3
Let t be (-2)/(-6)*(7 - 7). Let v(o) be the third derivative of 2*o**2 + 0*o - 1/8*o**4 + t + 1/6*o**3. Give v(1).
-2
Let w(s) = 3*s**2 + 2*s + 3. Let u(b) = -7*b - 7 + 1 + 0 - 2 - 8*b**2. Let j(z) = 4*u(z) + 11*w(z). Calculate j(4).
-7
Let u(i) be the first derivative of -i**4/4 + 2*i**3/3 + i**2 + i + 2. Let w(y) = -3*y. Let q be w(-1). Determine u(q).
-2
Let c(a) = a**3 - 2*a**2 - 7*a + 6. Suppose -4*f + 12 = -f. Determine c(f).
10
Suppose 4*o = -2*q + 16, 0 = -4*q + 2*o - 8 - 10. Let z(x) = -3*x**2 - 2*x - 1. What is z(q)?
-9
Let d(i) = i**2 + 2*i - 5. Let k be d(-5). Let h(g) = -11*g**2 + k*g**2 + 6*g + 2*g - 4. Determine h(7).
3
Let m(h) be the third derivative of h**5/60 + h**4/12 - h**3/6 + 8*h**2. Let z(a) = 2*a - a**2 - 3*a + 2*a. Let j be z(-1). Calculate m(j).
-1
Let m(l) = 5*l + 3. Let j(t) = t + 8. Suppose -5*y - 56 = 2*q, y = 2*y + 5*q + 25. Let u be j(y). Give m(u).
-7
Suppose -2*k - 1 = -13. Let n(u) = -u**2 + 6*u - 5. Let j be n(k). Let o(b) = -b**2 - 6*b - 4. What is o(j)?
1
Let r(m) be the second derivative of m**5/20 + 5*m**4/12 + 5*m**2/2 + 6*m. Determine r(-5).
5
Suppose 3*m - 8*m + 33 = 4*w, 5*m - 5*w - 15 = 0. Let p(h) = h**3 - 6*h**2 + 6*h + 4. What is p(m)?
9
Let k(u) = -u**3 + 4*u**2 - u - 2. Let x(j) = j**3 - 3*j + 2. Let r be x(2). Suppose q + 5 = -r*q. Let f be (-33)/(-12) - q/4. Give k(f).
4
Let l = -1 - -2. Let c(i) = -i - 1. Let s(n) = n - 1. Let v(b) = l*c(b) - 2*s(b). Determine v(3).
-8
Let m = -4 - -7. Let s(j) be the third derivative of j**4/24 + j**3/3 - j**2. Let i(z) = 1. Let w(t) = m*s(t) - 5*i(t). What is w(2)?
7
Let t(o) be the third derivative of -o**5/60 + o**4/3 + 3*o**2. Calculate t(6).
12
Let v(r) be the third derivative of 0 + 0*r + 1/120*r**6 - 1/24*r**4 - r**2 - 1/60*r**5 + 0*r**3. Let p be 3/(-15) + 4/(-20)*-1. Determine v(p).
0
Let v(a) = -a**2 - 7*a - 9. Let q be 40*(-3 - (-34)/10). Let g = q + -22. Determine v(g).
-3
Let d(k) = -29*k - 2 + 13*k + 15*k. Give d(-2).
0
Let s be ((-27)/(-63))/((-1)/(-7)). Suppose -6 = 3*r + s*r.